n be 0 - 2 - 66/(-3). Suppose -s*j - 2*z = -n, z - 19 = -j + 4*z. Is j a composite number?
False
Let i = 2 - -2. Let w = -278 - -518. Suppose 5*f - 11 + 88 = r, i*r - 3*f - w = 0. Is r composite?
True
Let r = 79 - -22. Suppose 3*b = 373 + r. Is b a composite number?
True
Suppose 3*r = 6*r. Suppose b = -5*j - r*b + 4088, -3*j = 4*b - 2463. Suppose 3*h = -u + 1228, -2*h = -4*h + u + j. Is h a prime number?
True
Suppose -4*c + 44688 = 3*c. Let u = c - 4265. Is u a composite number?
True
Suppose 5*y + 1 = 16. Is 1473/y*(-15)/(-5) composite?
True
Let a = -94 + 94. Suppose -o + 5 = a, -7*b - o + 4390 = -2*b. Is b prime?
True
Let c(x) = 19*x + 2. Let s be c(9). Suppose -5*d + s = g, 0*d + 3*d = 3. Suppose 3*y - 259 = -4*j, -3*j + g = 2*y - 27. Is j a composite number?
False
Suppose -r = -2234 + 31. Is r a composite number?
False
Suppose -22*r - 15 = -27*r. Suppose -2*h - 9489 = -r*y - 0*h, 0 = y + 3*h - 3163. Is y composite?
False
Suppose -2*u + z = -4470, -4*u + 11201 = u + 4*z. Is u composite?
False
Let n = 107777 + -3624. Is n a composite number?
True
Suppose 3*d - 45 = 15. Suppose -2*q - d = -134. Suppose x + 77 = 4*w - 136, -4*x = -w + q. Is w composite?
False
Let v(r) = -5*r**3 + 6*r**2 + 4*r + 5. Is v(-8) a composite number?
False
Is -5 + 7 + -5 + 2414 a prime number?
True
Let s(r) = r + 15. Let q be s(0). Suppose -22 = -o + q. Is o a prime number?
True
Suppose 0 = 2*g + 111 - 513. Is g a prime number?
False
Suppose 8*b + 7814 = 5*q + 5*b, 0 = -3*q + 3*b + 4692. Is q composite?
True
Let x = -76799 + 134742. Is x a prime number?
True
Suppose -3*l - 3*v + 9 = -4*v, 5*v = 0. Let n(z) = 530*z**2 + 2*z - 6. Let u be n(l). Is u/22 - (-6)/33 a composite number?
True
Let k(q) = -194*q + 13. Let m be k(-5). Suppose 0 = -5*j + m + 912. Is j a composite number?
False
Let p(x) = 0*x**2 + 2*x**3 + 2*x - x**2 + 2*x**2. Let f be p(-2). Is (-4)/f - (-1070)/8 composite?
True
Let s = 317 + 4016. Is s a prime number?
False
Let b(i) = 4290*i + 101. Is b(5) a prime number?
False
Is ((-14)/((-364)/(-69303)))/((-1)/2) composite?
True
Suppose 0 = -19*i + 15*i - 5*o + 1004, i = -5*o + 251. Is i prime?
True
Suppose 2*f + 0*f = 2*q - 6, -2*f + 24 = 4*q. Let k(n) = 462*n + 23. Is k(q) prime?
True
Let v = -52 + 44. Let h(f) = -2*f**2 + 2 - f - 5 + 5*f**2 - 3*f. Is h(v) prime?
False
Suppose 0 = -0*d + 4*d - 8. Suppose -4*n = -d*n + 6. Let c = 362 - n. Is c a prime number?
False
Let n(s) = 16*s + 1. Let a be n(-1). Let q = a - -18. Suppose -1526 = -q*b - 341. Is b a prime number?
False
Let b = -161 - -319. Let i = -44 + b. Suppose -i = -z - 0*l - l, -z + 98 = 5*l. Is z a prime number?
False
Suppose 0 = -4*w + 2*i + 11280, -5*w + 10130 = -i - 3967. Is w composite?
False
Let w(b) = 29*b + 143. Let s be w(-5). Suppose -t = -6*t + 45. Is 17151/27 + s/t a prime number?
False
Suppose 8*i + 2*i = -2770. Let c = -56 - i. Is c composite?
True
Suppose -1 = -s + 1. Let o be 0 + 2/(-1) + s. Suppose 3*a + 3*t = -0*t + 24, 2*a + 5*t - 22 = o. Is a composite?
True
Is 3/(-9) - ((-2632)/12 + -4) composite?
False
Suppose -t = -5*i + 661 + 496, 2*i - 476 = -4*t. Suppose -y + i - 75 = 0. Is 1*y*(7 - 6) composite?
False
Let o be 3 - (3 - 198)*(-104)/(-10). Suppose 2*h + 5*d - 1501 = 0, -5*h + 2*d = o - 5827. Is h prime?
False
Is (2/5 - 33/45)*-14649 a composite number?
True
Is (60035/(-15) + 0)/((-4)/12) a composite number?
False
Let x be 3 - (8/(-4) + 2). Suppose 2*a - 3*f = 1, -x*a - 2*a = 2*f - 31. Suppose -421 + 126 = -a*v. Is v prime?
True
Suppose 0 = 5*n + 5*c + 20, -c = -3*n + 2*n - 10. Let t(d) be the third derivative of -15*d**4/8 - 4*d**3/3 - 4*d**2. Is t(n) a prime number?
True
Let a(b) = b**3 - 12*b**2 + 7*b - 14. Let l be a(9). Is 252/12*l/(-6) composite?
True
Let q be -111*(-49)/8 + (-14)/(-112). Let x = q - -21. Is x prime?
True
Let f = -61 - -66. Suppose -2*h + 1501 = 4*y + h, -h - 1900 = -f*y. Is y composite?
False
Let f(c) = -3*c - 12. Let t be f(-6). Suppose -4*i + 51 = 3*q, -q = -3*q - t. Is ((-466)/(-8))/(i/60) a prime number?
True
Suppose o + 14*w - 18*w - 6827 = 0, 0 = -5*w + 20. Is o prime?
False
Suppose 0 = -18*l + 17*l + 2. Let a be -4*(4 - 3) - l. Is a/9*1041/(-2) prime?
True
Let t be (-32)/(6 - 2) - 4. Let j be (t/24)/(2/(-20)). Suppose -j*h - 1327 = -3*q, -h + 1476 = 5*q - 773. Is q a prime number?
True
Let z(v) be the second derivative of v**4/6 + 3*v**3/2 - 2*v**2 - 12*v. Is z(5) a composite number?
True
Suppose 2*p - 2*x + 15 = p, 2*p = -4*x + 2. Is p/(-28) + (-1771)/(-4) a prime number?
True
Suppose 59 = 3*m - 184. Suppose 0 = -4*o - m + 1097. Is o composite?
True
Let m be (-26)/(-4) + 8/(-16). Suppose -w - 715 = -m*w. Is w composite?
True
Let m(r) = -1352*r - 59. Is m(-11) composite?
False
Suppose q - 12 = -2*q. Let m = q + -4. Is (m/2)/1 - -46 a composite number?
True
Let n(h) = 23*h**2 - 5*h - 12. Let u be n(-5). Let j = -223 + u. Is j composite?
True
Let u(w) = -w**2 - w + 1. Let o(c) = 15*c. Let m(a) = o(a) - 2*u(a). Is m(-12) composite?
True
Suppose -102763 = -28*v + 618993. Is v a prime number?
False
Suppose 0 = 4*k - 9*k - 75. Let d(i) = -74*i - 19. Is d(k) composite?
False
Let f(p) = -8*p - 19. Let l be f(-3). Suppose -l*y + 5653 = -2142. Is y a composite number?
False
Let i = 40823 - 28108. Is i composite?
True
Let q(n) = -16*n**3 - n**2 - 4*n - 3. Let h(b) = -b**3 + b**2 - b. Let p(o) = 2*h(o) - q(o). Is p(4) a composite number?
True
Let r = -7 + 9. Suppose 0 = 5*a + 2 + 3. Is ((-415)/10)/(a/r) composite?
False
Suppose 12 = 4*x - 4*g, -x + g = 3*x - 9. Suppose 562 = j - 5*i, -3*j + 1746 = x*i - 5*i. Is j a prime number?
True
Suppose 4*k = -0*y - y + 6, -5*y + 3*k + 7 = 0. Suppose -y*c = -0*c - 4. Suppose -c*b = 5*u - 126, -4*u - 2 + 18 = 0. Is b composite?
False
Suppose -3*z + 5*v + 119371 = 0, 0 = -15*z + 18*z - 3*v - 119379. Is z a composite number?
True
Suppose 2*p = 6206 + 10092. Is p prime?
False
Let c be -3*2/18*6. Is (68/(-8) - c)*-14 composite?
True
Let p(j) = 13*j**3 + 13*j**2 + 6*j + 23. Is p(8) a prime number?
True
Let w(s) be the third derivative of s**5/60 - s**4/4 + 3*s**3/2 - 5*s**2. Let m be w(8). Suppose -m + 7 = -2*x. Is x a composite number?
True
Suppose q + q - 626 = 0. Suppose -4*z = -127 - q. Let x = 47 + z. Is x prime?
True
Suppose 5*j = -5*q + 5550, 1 = 3*j + 4. Is q a composite number?
True
Suppose 48*g + 5618 = 49*g - j, j - 5 = 0. Is g composite?
False
Let o(d) = -6171*d + 229. Is o(-8) composite?
False
Suppose 0 = -3*w - 3*d + 2088 + 6960, 9072 = 3*w - 5*d. Is w a composite number?
False
Suppose -3*q + 405 = 3*y, 0 = -3*y - y + 3*q + 533. Let x = y - -585. Is x a prime number?
True
Suppose -2*q + 47*f - 48*f + 2303 = 0, 4*q + f = 4605. Is q prime?
True
Suppose 0 = a - 8*u + 6*u + 745, 0 = 4*a - 3*u + 2965. Let w = a + 1928. Is w prime?
False
Suppose 4*t + 1274 = -s + 3*s, -4*s + 958 = -3*t. Let y = -115 - t. Is y a prime number?
False
Suppose -14*z - 123348 = -128*z. Is z prime?
False
Suppose 5*r + 4*h - 10 = 12, -4*h + 8 = -2*r. Suppose -4*y + g = 5*g + 4, g + r = 0. Is (-596)/8*(y - 3) prime?
True
Suppose 0 = w - 3*w - i + 6097, 2*w + 4*i = 6094. Is w a prime number?
True
Let i(k) = k. Let u be i(8). Let t be u*15/6 - -3. Suppose -34 = -3*q + t. Is q prime?
True
Suppose 1697 = 5*k + 3*j + 10805, -j + 4 = 0. Let a = -1300 - k. Suppose -4*w = -0*w - a. Is w a prime number?
True
Suppose -6*b - 5614 = -19792. Is b composite?
True
Suppose -63 = 15*h - 6*h. Let j(f) = 8*f**2 - 3*f - 18. Is j(h) a composite number?
True
Let p = 836 + -466. Suppose -p = -2*w - 0*w. Suppose -4*x - x + w = 0. Is x composite?
False
Let k = -21 - -19. Let t(j) = -7*j**3 - j**2 - j - 3. Is t(k) composite?
True
Let c(a) = 36*a**3 - 2*a**2 - 8*a - 2. Let d be c(4). Is (1/1)/(d/2237 - 1) composite?
False
Is 4841 + 88/66*(-1 - 2) composite?
True
Is (-22060)/30*(-27)/6 a composite number?
True
Suppose -20*u + 423 = -36517. Is u a composite number?
False
Let r(p) = 6*p**2 - 9*p + 25. Let g be r(-12). Suppose 68 = 3*a - g. Is a a composite number?
True
Let r(x) = x**3 - 3*x**2 - 4*x - 3. Let f be r(4). Is ((-1)/(-2)*-1)/(f/1902) prime?
True
Suppose -z + 3*v = 5*v - 39, -5*v = -4*z + 156. Suppose 0 = -2*u + 6*u + 4*j - 44, z = 5*u + j. Suppose u*k = 9*k - 130. Is k a composite number?
True
Suppose -3*m + 5*j = -9753, 0 = -5*m - 5*j + 21021 - 4766. Is m a